{"id":82,"date":"2016-08-19T21:41:36","date_gmt":"2016-08-19T19:41:36","guid":{"rendered":"http:\/\/alt-treptow.xn--sozialbndnis-jlb.de\/?page_id=82"},"modified":"2016-09-04T21:26:46","modified_gmt":"2016-09-04T19:26:46","slug":"nachgefragt-in-politik-und-vewaltung","status":"publish","type":"page","link":"http:\/\/alt-treptow.xn--sozialbndnis-jlb.de\/?page_id=82","title":{"rendered":"nachgefragt"},"content":{"rendered":"<h3><span style=\"font-size: small;\">\u00a0Die Antworten der Kandidaten auf unsere Fragen findet ihr <a href=\"http:\/\/alt-treptow.xn--sozialbndnis-jlb.de\/?page_id=191\">hier<\/a>:<br \/>\n<\/span><\/h3>\n<h3><span style=\"font-size: small;\"><img loading=\"lazy\" decoding=\"async\" class=\"alignnone wp-image-67\" src=\"http:\/\/alt-treptow.xn--sozialbndnis-jlb.de\/wp-content\/uploads\/2016\/07\/cropped-cropped-Logo-SozBue.png\" alt=\"cropped-cropped-Logo-SozBue.png\" width=\"75\" height=\"75\" srcset=\"http:\/\/alt-treptow.xn--sozialbndnis-jlb.de\/wp-content\/uploads\/2016\/07\/cropped-cropped-Logo-SozBue.png 248w, http:\/\/alt-treptow.xn--sozialbndnis-jlb.de\/wp-content\/uploads\/2016\/07\/cropped-cropped-Logo-SozBue-150x150.png 150w\" sizes=\"auto, (max-width: 75px) 85vw, 75px\" \/>\u00a0\u00a0\u00a0\u00a0\u00a0\u00a0\u00a0\u00a0\u00a0\u00a0\u00a0\u00a0\u00a0\u00a0\u00a0\u00a0\u00a0\u00a0\u00a0\u00a0\u00a0\u00a0\u00a0 auch bei\u00a0\u00a0\u00a0\u00a0\u00a0\u00a0\u00a0\u00a0\u00a0\u00a0\u00a0\u00a0\u00a0\u00a0\u00a0\u00a0\u00a0\u00a0\u00a0\u00a0\u00a0\u00a0 Facebook: Sozialb\u00fcndnis Alt-Treptow\u00a0\u00a0<\/span><span style=\"font-size: small;\"><br \/>\n<\/span><\/h3>\n<ol>\n<li><span style=\"font-size: small;\"><b>A 100<\/b><\/span><span style=\"font-size: small;\">: <\/span><span style=\"font-size: small;\">Was schlagen Sie vor<\/span><span style=\"font-size: small;\">, um die Bewohner Alt-Treptows in den Nebenstra\u00dfen vor einer \u201eBlechlawine\u201c zu sch\u00fctzen, nachdem der Anschluss der A100 am Parkcenter fertig gestellt ist?<\/span><\/li>\n<li><span style=\"font-size: small;\">Der <\/span><span style=\"font-size: small;\"><b>Verkehr<\/b><\/span><span style=\"font-size: small;\"> hat zugenommen und wird f\u00fcr alte Menschen, Fahrradfahrer und Kinder in Alt-Treptow immer gef\u00e4hrlicher. Sehen <\/span><span style=\"font-size: small;\">Sie<\/span><span style=\"font-size: small;\"> die Notwendigkeit in diesem Ortsteil ein auf diese Gruppen abgestimmtes Verkehrskonzept zu entwickeln? <\/span><span style=\"font-size: small;\">Welche Schwerpunkte setzen Sie? <\/span><span style=\"font-size: small;\">Bitte begr\u00fcnden Sie Ihre Antwort.<\/span><\/li>\n<li><span style=\"font-size: small;\"><b>Gr\u00fcnfl\u00e4chen<\/b><\/span><span style=\"font-size: small;\">: Steigende Einwohnerdichte und Tourismus haben zu einer deutlich h\u00f6heren Nutzungsfrequenz auf unseren Gr\u00fcnfl\u00e4chen gef\u00fchrt. Insbesondere der Schlesische Busch und der Mauerstreifen werden extrem verschmutzt und der Pflanzenwuchs wird besch\u00e4digt. Welche Ma\u00dfnahmen werden Sie <\/span><span style=\"font-size: small;\">vorschlagen\/ unterst\u00fctzen oder empfehlen neu einzuf\u00fchren, <\/span><span style=\"font-size: small;\">um <\/span><span style=\"font-size: small;\">den <\/span><span style=\"font-size: small;\">Schutz der Gr\u00fcnanlagen k\u00fcnftig <\/span><span style=\"font-size: small;\">zu verst\u00e4rken<\/span><span style=\"font-size: small;\">? <\/span><span style=\"font-size: small;\">Wie kann hierf\u00fcr eine Finanzierung sicher gestellt werden?<br \/>\n<\/span><\/li>\n<li><span style=\"font-size: small;\">Durch die mittlerweile hohe Zahl an <\/span><span style=\"font-size: small;\"><b>Kindern<\/b><\/span><span style=\"font-size: small;\"> sind die vorhandenen Spielfl\u00e4chen nicht ausreichend. Insbesondere f\u00fcr Kinder ab 8 Jahren gibt es kaum ein Angebot. <\/span><span style=\"font-size: small;\">Halten Sie es f\u00fcr notwendig<\/span><span style=\"font-size: small;\">, neue Fl\u00e4chen als Spielfl\u00e4chen zu gestalten? Wenn ja, wo? Wenn nein, warum nicht? <\/span><span style=\"font-size: small;\">Wie kann das finanziert werden?<br \/>\n<\/span><\/li>\n<li><span style=\"font-size: small;\">Wie lauten die Prognosen zum Bedarf von <\/span><span style=\"font-size: small;\"><b>Kita-, Hort- und Grundschulpl\u00e4tzen <\/b><\/span><span style=\"font-size: small;\">in Alt-Treptow? Welche Ma\u00dfnahmen werden ergriffen oder sind in Planung, um diesen Bedarf zu decken? <\/span><span style=\"font-size: small;\">Welche Ma\u00dfnahmen unterst\u00fctzen Sie?<br \/>\n<\/span><\/li>\n<li><span style=\"font-size: small;\"><b>Senioren<\/b><\/span><span style=\"font-size: small;\">: In unserem Kiez leben auch viele \u00e4ltere und alte Menschen. Sie sind von dem Mangel an Fach\u00e4rzten besonders betroffen und es werden zunehmend Pflege- und Betreuungskapazit\u00e4ten erforderlich sein. Sehen Sie M\u00f6glichkeiten <\/span><span style=\"font-size: small;\">um <\/span><span style=\"font-size: small;\">auf die Gewinnung von Fach\u00e4rzten Einfluss zu nehmen? Welche Vorhaben, Ideen <\/span><span style=\"font-size: small;\">haben Sie<\/span><span style=\"font-size: small;\">, die Herausforderung in der Versorgung und Pflege, die durch den demografischen Wandel entsteh<\/span><span style=\"font-size: small;\">t<\/span><span style=\"font-size: small;\">, im Bezirk <\/span><span style=\"font-size: small;\">und im Ortsteil <\/span><span style=\"font-size: small;\">zu bew\u00e4ltigen?<br \/>\n<\/span><\/li>\n<li><span style=\"font-size: small;\">Das Land Berlin hat mit dem Programm <\/span><span style=\"font-size: small;\"><b>Schulsozialarbeit<\/b><\/span><span style=\"font-size: small;\"> einen wichtigen Schritt zur F\u00f6rderung und Integration von bildungsbenachteiligten und bildungsschwachen Sch\u00fclern\/innen unternommen. Nach welchen Kriterien wird die F\u00f6rderung vergeben? Welchen Einfluss haben Bezirkspolitiker auf die Vergabe von Mitteln? <\/span><span style=\"font-size: small;\">Werden Sie sich f\u00fcr die Ausweitung von Schulsozialarbeit auf weitere Grundschulen einsetzen? An welchen sehen Sie diesen Bedarf? <\/span><span style=\"font-size: small;\">Gibt es im Bezirk eine Definition\/Beschreibung\/ Konzept \u00fcber die F\u00f6rderbedarfe von Schulen f\u00fcr Schulsozialarbeit? <\/span><span style=\"font-size: small;\">Wenn ja, in welchen Punkten teilen Sie es? Wenn nein, werden Sie sich f\u00fcr die Entwicklung eines Konzeptes einsetzen?<br \/>\n<\/span><\/li>\n<li><span style=\"font-size: small;\">Welche Alternativen zur Unterst\u00fctzung von lernschwachen Kindern gibt es <\/span><span style=\"font-size: small;\">sollen Ihrer Meinung nach <\/span><span style=\"font-size: small;\">an den Schulen, an denen es keine Schulsozialarbeit gibt, <\/span><span style=\"font-size: small;\">vorhanden sein<\/span><span style=\"font-size: small;\">? Welche Mittel und Ma\u00dfnahmen <\/span><span style=\"font-size: small;\">soll der Bezirk<\/span><span style=\"font-size: small;\"> im Rahmen der <\/span><span style=\"font-size: small;\"><b>Kinder- und Jugendhilfe<\/b><\/span><span style=\"font-size: small;\"> zur F\u00f6rderung von lernschwachen und\/oder verhaltensschwierigen Kindern <\/span><span style=\"font-size: small;\">an diesen Schulen <\/span><span style=\"font-size: small;\">zu Verf\u00fcgung <\/span><span style=\"font-size: small;\">stellen<\/span><span style=\"font-size: small;\">? <\/span><span style=\"font-size: small;\">Nach welchen Kriterien<\/span> <span style=\"font-size: small;\">sollen<\/span><span style=\"font-size: small;\"> die Mittel\/ Ma\u00dfnahmen <\/span><span style=\"font-size: small;\">der Kinder- und Jugendhilfe, insbesondere die zur schulischen F\u00f6rderung, <\/span><span style=\"font-size: small;\">auf die Bezirksregionen verteilt <\/span><span style=\"font-size: small;\">werden<\/span><span style=\"font-size: small;\">?<\/span><\/li>\n<li><span style=\"font-size: small;\"><b>Wohnen:<\/b> Die Erfahrungen mit dem Milieuschutz aus anderen Kiezen zeigen bisher, dass die Verwaltungen die ihnen damit in die Hand gegebenen Mittel nicht ausreichend nutzen, zum Teil auch wegen chronischer Unterbesetzung. Was werden Sie unternehmen, um die Verwaltung besser f\u00fcr ihre entsprechenden Aufgaben auszustatten?Zur Zeit werden trotz Umwandlungsverordnung 74% aller Antr\u00e4ge auf Umwandlung von Miet \u2013 in Eigentumswohnungen in den Berliner Milieuschutzgebieten genehmigt. Werden Sie sich daf\u00fcr einsetzen, dass die Verwaltungen k\u00fcnftig in den Milieuschutzgebieten die Umwandlung in Eigentumswohnungen nicht mehr genehmigen? Wenn ja, wie?<\/span><\/li>\n<\/ol>\n","protected":false},"excerpt":{"rendered":"<p>\u00a0Die Antworten der Kandidaten auf unsere Fragen findet ihr hier: \u00a0\u00a0\u00a0\u00a0\u00a0\u00a0\u00a0\u00a0\u00a0\u00a0\u00a0\u00a0\u00a0\u00a0\u00a0\u00a0\u00a0\u00a0\u00a0\u00a0\u00a0\u00a0\u00a0 auch bei\u00a0\u00a0\u00a0\u00a0\u00a0\u00a0\u00a0\u00a0\u00a0\u00a0\u00a0\u00a0\u00a0\u00a0\u00a0\u00a0\u00a0\u00a0\u00a0\u00a0\u00a0\u00a0 Facebook: Sozialb\u00fcndnis Alt-Treptow\u00a0\u00a0 A 100: Was schlagen Sie vor, um die Bewohner Alt-Treptows in den Nebenstra\u00dfen vor einer \u201eBlechlawine\u201c zu sch\u00fctzen, nachdem der Anschluss der A100 am Parkcenter fertig gestellt ist? Der Verkehr hat zugenommen und wird f\u00fcr alte Menschen, Fahrradfahrer und &hellip; <a href=\"http:\/\/alt-treptow.xn--sozialbndnis-jlb.de\/?page_id=82\" class=\"more-link\"><span class=\"screen-reader-text\">&#8222;nachgefragt&#8220; <\/span>weiterlesen<\/a><\/p>\n","protected":false},"author":4,"featured_media":0,"parent":146,"menu_order":0,"comment_status":"closed","ping_status":"closed","template":"","meta":{"footnotes":""},"class_list":["post-82","page","type-page","status-publish","hentry"],"_links":{"self":[{"href":"http:\/\/alt-treptow.xn--sozialbndnis-jlb.de\/index.php?rest_route=\/wp\/v2\/pages\/82","targetHints":{"allow":["GET"]}}],"collection":[{"href":"http:\/\/alt-treptow.xn--sozialbndnis-jlb.de\/index.php?rest_route=\/wp\/v2\/pages"}],"about":[{"href":"http:\/\/alt-treptow.xn--sozialbndnis-jlb.de\/index.php?rest_route=\/wp\/v2\/types\/page"}],"author":[{"embeddable":true,"href":"http:\/\/alt-treptow.xn--sozialbndnis-jlb.de\/index.php?rest_route=\/wp\/v2\/users\/4"}],"replies":[{"embeddable":true,"href":"http:\/\/alt-treptow.xn--sozialbndnis-jlb.de\/index.php?rest_route=%2Fwp%2Fv2%2Fcomments&post=82"}],"version-history":[{"count":9,"href":"http:\/\/alt-treptow.xn--sozialbndnis-jlb.de\/index.php?rest_route=\/wp\/v2\/pages\/82\/revisions"}],"predecessor-version":[{"id":201,"href":"http:\/\/alt-treptow.xn--sozialbndnis-jlb.de\/index.php?rest_route=\/wp\/v2\/pages\/82\/revisions\/201"}],"up":[{"embeddable":true,"href":"http:\/\/alt-treptow.xn--sozialbndnis-jlb.de\/index.php?rest_route=\/wp\/v2\/pages\/146"}],"wp:attachment":[{"href":"http:\/\/alt-treptow.xn--sozialbndnis-jlb.de\/index.php?rest_route=%2Fwp%2Fv2%2Fmedia&parent=82"}],"curies":[{"name":"wp","href":"https:\/\/api.w.org\/{rel}","templated":true}]}}

<h3><span style="font-size: small;"> Die Antworten der Kandidaten auf unsere Fragen findet ihr <a href="http://alt-treptow.xn--sozialbndnis-jlb.de/?page_id=191">hier</a>:<br />
</span></h3>
<h3><span style="font-size: small;"><img loading="lazy" decoding="async" class="alignnone wp-image-67" src="http://alt-treptow.xn--sozialbndnis-jlb.de/wp-content/uploads/2016/07/cropped-cropped-Logo-SozBue.png" alt="cropped-cropped-Logo-SozBue.png" width="75" height="75" srcset="http://alt-treptow.xn--sozialbndnis-jlb.de/wp-content/uploads/2016/07/cropped-cropped-Logo-SozBue.png 248w, http://alt-treptow.xn--sozialbndnis-jlb.de/wp-content/uploads/2016/07/cropped-cropped-Logo-SozBue-150x150.png 150w" sizes="auto, (max-width: 75px) 85vw, 75px" />                        auch bei                       Facebook: Sozialbündnis Alt-Treptow  </span><span style="font-size: small;"><br />
</span></h3>
<ol>
<li><span style="font-size: small;"><b>A 100</b></span><span style="font-size: small;">: </span><span style="font-size: small;">Was schlagen Sie vor</span><span style="font-size: small;">, um die Bewohner Alt-Treptows in den Nebenstraßen vor einer „Blechlawine“ zu schützen, nachdem der Anschluss der A100 am Parkcenter fertig gestellt ist?</span></li>
<li><span style="font-size: small;">Der </span><span style="font-size: small;"><b>Verkehr</b></span><span style="font-size: small;"> hat zugenommen und wird für alte Menschen, Fahrradfahrer und Kinder in Alt-Treptow immer gefährlicher. Sehen </span><span style="font-size: small;">Sie</span><span style="font-size: small;"> die Notwendigkeit in diesem Ortsteil ein auf diese Gruppen abgestimmtes Verkehrskonzept zu entwickeln? </span><span style="font-size: small;">Welche Schwerpunkte setzen Sie? </span><span style="font-size: small;">Bitte begründen Sie Ihre Antwort.</span></li>
<li><span style="font-size: small;"><b>Grünflächen</b></span><span style="font-size: small;">: Steigende Einwohnerdichte und Tourismus haben zu einer deutlich höheren Nutzungsfrequenz auf unseren Grünflächen geführt. Insbesondere der Schlesische Busch und der Mauerstreifen werden extrem verschmutzt und der Pflanzenwuchs wird beschädigt. Welche Maßnahmen werden Sie </span><span style="font-size: small;">vorschlagen/ unterstützen oder empfehlen neu einzuführen, </span><span style="font-size: small;">um </span><span style="font-size: small;">den </span><span style="font-size: small;">Schutz der Grünanlagen künftig </span><span style="font-size: small;">zu verstärken</span><span style="font-size: small;">? </span><span style="font-size: small;">Wie kann hierfür eine Finanzierung sicher gestellt werden?<br />
</span></li>
<li><span style="font-size: small;">Durch die mittlerweile hohe Zahl an </span><span style="font-size: small;"><b>Kindern</b></span><span style="font-size: small;"> sind die vorhandenen Spielflächen nicht ausreichend. Insbesondere für Kinder ab 8 Jahren gibt es kaum ein Angebot. </span><span style="font-size: small;">Halten Sie es für notwendig</span><span style="font-size: small;">, neue Flächen als Spielflächen zu gestalten? Wenn ja, wo? Wenn nein, warum nicht? </span><span style="font-size: small;">Wie kann das finanziert werden?<br />
</span></li>
<li><span style="font-size: small;">Wie lauten die Prognosen zum Bedarf von </span><span style="font-size: small;"><b>Kita-, Hort- und Grundschulplätzen </b></span><span style="font-size: small;">in Alt-Treptow? Welche Maßnahmen werden ergriffen oder sind in Planung, um diesen Bedarf zu decken? </span><span style="font-size: small;">Welche Maßnahmen unterstützen Sie?<br />
</span></li>
<li><span style="font-size: small;"><b>Senioren</b></span><span style="font-size: small;">: In unserem Kiez leben auch viele ältere und alte Menschen. Sie sind von dem Mangel an Fachärzten besonders betroffen und es werden zunehmend Pflege- und Betreuungskapazitäten erforderlich sein. Sehen Sie Möglichkeiten </span><span style="font-size: small;">um </span><span style="font-size: small;">auf die Gewinnung von Fachärzten Einfluss zu nehmen? Welche Vorhaben, Ideen </span><span style="font-size: small;">haben Sie</span><span style="font-size: small;">, die Herausforderung in der Versorgung und Pflege, die durch den demografischen Wandel entsteh</span><span style="font-size: small;">t</span><span style="font-size: small;">, im Bezirk </span><span style="font-size: small;">und im Ortsteil </span><span style="font-size: small;">zu bewältigen?<br />
</span></li>
<li><span style="font-size: small;">Das Land Berlin hat mit dem Programm </span><span style="font-size: small;"><b>Schulsozialarbeit</b></span><span style="font-size: small;"> einen wichtigen Schritt zur Förderung und Integration von bildungsbenachteiligten und bildungsschwachen Schülern/innen unternommen. Nach welchen Kriterien wird die Förderung vergeben? Welchen Einfluss haben Bezirkspolitiker auf die Vergabe von Mitteln? </span><span style="font-size: small;">Werden Sie sich für die Ausweitung von Schulsozialarbeit auf weitere Grundschulen einsetzen? An welchen sehen Sie diesen Bedarf? </span><span style="font-size: small;">Gibt es im Bezirk eine Definition/Beschreibung/ Konzept über die Förderbedarfe von Schulen für Schulsozialarbeit? </span><span style="font-size: small;">Wenn ja, in welchen Punkten teilen Sie es? Wenn nein, werden Sie sich für die Entwicklung eines Konzeptes einsetzen?<br />
</span></li>
<li><span style="font-size: small;">Welche Alternativen zur Unterstützung von lernschwachen Kindern gibt es </span><span style="font-size: small;">sollen Ihrer Meinung nach </span><span style="font-size: small;">an den Schulen, an denen es keine Schulsozialarbeit gibt, </span><span style="font-size: small;">vorhanden sein</span><span style="font-size: small;">? Welche Mittel und Maßnahmen </span><span style="font-size: small;">soll der Bezirk</span><span style="font-size: small;"> im Rahmen der </span><span style="font-size: small;"><b>Kinder- und Jugendhilfe</b></span><span style="font-size: small;"> zur Förderung von lernschwachen und/oder verhaltensschwierigen Kindern </span><span style="font-size: small;">an diesen Schulen </span><span style="font-size: small;">zu Verfügung </span><span style="font-size: small;">stellen</span><span style="font-size: small;">? </span><span style="font-size: small;">Nach welchen Kriterien</span> <span style="font-size: small;">sollen</span><span style="font-size: small;"> die Mittel/ Maßnahmen </span><span style="font-size: small;">der Kinder- und Jugendhilfe, insbesondere die zur schulischen Förderung, </span><span style="font-size: small;">auf die Bezirksregionen verteilt </span><span style="font-size: small;">werden</span><span style="font-size: small;">?</span></li>
<li><span style="font-size: small;"><b>Wohnen:</b> Die Erfahrungen mit dem Milieuschutz aus anderen Kiezen zeigen bisher, dass die Verwaltungen die ihnen damit in die Hand gegebenen Mittel nicht ausreichend nutzen, zum Teil auch wegen chronischer Unterbesetzung. Was werden Sie unternehmen, um die Verwaltung besser für ihre entsprechenden Aufgaben auszustatten?Zur Zeit werden trotz Umwandlungsverordnung 74% aller Anträge auf Umwandlung von Miet – in Eigentumswohnungen in den Berliner Milieuschutzgebieten genehmigt. Werden Sie sich dafür einsetzen, dass die Verwaltungen künftig in den Milieuschutzgebieten die Umwandlung in Eigentumswohnungen nicht mehr genehmigen? Wenn ja, wie?</span></li>
</ol>

<p> Die Antworten der Kandidaten auf unsere Fragen findet ihr hier:                         auch bei                       Facebook: Sozialbündnis Alt-Treptow   A 100: Was schlagen Sie vor, um die Bewohner Alt-Treptows in den Nebenstraßen vor einer „Blechlawine“ zu schützen, nachdem der Anschluss der A100 am Parkcenter fertig gestellt ist? Der Verkehr hat zugenommen und wird für alte Menschen, Fahrradfahrer und &hellip; <a href="http://alt-treptow.xn--sozialbndnis-jlb.de/?page_id=82" class="more-link"><span class="screen-reader-text">&#8222;nachgefragt&#8220; </span>weiterlesen</a></p>
